{"id":7483,"date":"2021-09-14T19:28:53","date_gmt":"2021-09-14T18:28:53","guid":{"rendered":"https:\/\/www.dorpenwijk.nl\/reeuwijk-dorp\/?page_id=7483"},"modified":"2023-02-03T20:56:26","modified_gmt":"2023-02-03T19:56:26","slug":"openbare-live-bijeenkomst-2021","status":"publish","type":"page","link":"https:\/\/www.dorpenwijk.nl\/reeuwijk-dorp\/openbare-live-bijeenkomst-2021\/","title":{"rendered":"Openbare (live!) bijeenkomst 2021"},"content":{"rendered":"<p><strong><span style=\"font-family: 'Calibri',sans-serif;\">Dorpsvisie gereed en nu?<\/span><\/strong><br \/>\nHalf juli heeft het Dorpsteam de dorpsvisie 2020 \u2013 2030 aangeboden aan de gemeenteraad. De gemeente gebruikt de dorpsvisies van de dorp- en wijkteams als bouwstenen bij het maken van een gemeentelijke toekomstvisie. Zaken uit de dorpsvisies worden daarin niet altijd \u00e9\u00e9n op \u00e9\u00e9n overgenomen. De gemeente heeft namelijk soms andere belangen en heeft te maken met wet- en regelgeving vanuit het Rijk en de provincie.<br \/>\nIn onze dorpsvisie hebben we als inwoners enkele doelen gesteld, maar hoe zorgen we ervoor dat die doelen worden gehaald? Gaan we achterover leunen, afwachten en hopen dat het gemeentelijk beleid er uiteindelijk in resulteert dat onze doelen worden gehaald? Of gaan we er actief met z\u2019n allen voor zorgen dat we onze doelen halen en zo ja, hoe?<\/p>\n<p><strong><span style=\"font-family: 'Calibri',sans-serif;\">Openbare vergadering donderdagavond 7 oktober<\/span><\/strong><br \/>\nAls Dorpsteam zijn we van mening dat we meer kans maken om de doelen te halen als we er met z\u2019n allen zelf actief mee aan de slag gaan. Daarom staat onze jaarlijkse openbare vergadering op donderdagavond 7 oktober in het teken van het thema \u201choe verwezenlijken we de doelen van de dorpsvisie\u201d.<\/p>\n<p><strong><span style=\"font-family: 'Calibri',sans-serif;\">Insteek van de avond<\/span><\/strong><b><br \/>\n<\/b>De openbare vergadering begint met enkele presentaties. Daarna volgt het actieve deel van de avond.<br \/>\nDe dorpsvisie bestaat uit zes thema\u2019s: wonen, winkel, verkeer, groene omgeving, duurzaamheid en samenleven. Voor die thema\u2019s zijn doelen geformuleerd aan de hand van input van de inwoners. Het doel van de openbare vergadering op 7 oktober is om te kijken of we per thema een werkgroep kunnen samenstellen. Daarnaast gaan we onderzoeken wat de werkgroepen nodig hebben om de gestelde doelen te kunnen bereiken zodat ze er na 7 oktober mee aan de slag kunnen gaan.<br \/>\nHet Dorpsteam zal gaan fungeren als \u201cspin in het web\u201d. Ze onderhoudt contact met de werkgroepen, kan fungeren als klankbord, knoopt werkgroepen aan elkaar als blijkt dat er overlap is bij bepaalde onderwerpen en kan als tussenpersoon fungeren voor contact met de gemeente.<\/p>\n<p><strong><span style=\"font-family: 'Calibri',sans-serif;\">Wat betekent dat voor u?<\/span><\/strong><b><br \/>\n<\/b>U kunt v\u00f3\u00f3r de openbare vergadering al uw gedachten laten gaan of er een thema bij zit waar uw affiniteit naar uitgaat en of u eventueel deel zou willen nemen aan een werkgroep. Wilt u dat niet, dan ben u uiteraard nog steeds van harte welkom op 7 oktober om mee te denken en mee te discussi\u00ebren.<\/p>\n<p><strong><span style=\"font-family: 'Calibri',sans-serif;\">Aanmelden voor de avond<\/span><\/strong><b><br \/>\n<\/b>Wilt u erbij zijn op donderdagavond 7 oktober? Meld u dan <em><strong><u>uiterlijk 7 oktober<\/u><\/strong><\/em> <a href=\"https:\/\/oporde.nl\/DTRD\/event\/jaarbijeenkomst-dorpsvisie-reeuwijk-dorp-10-2021\/\" target=\"_blank\" rel=\"noopener\">hier<\/a> aan.<\/p>\n<p>N.a.v. de persconferentie d.d. 14-9 jl. zullen we genoodzaakt zijn te checken op coronatoegangsbewijzen (QR-codes) + ID-bewijzen.<\/p>\n","protected":false},"excerpt":{"rendered":"<p>Dorpsvisie gereed en nu? Half juli heeft het Dorpsteam de dorpsvisie 2020 \u2013 2030 aangeboden aan de gemeenteraad. De gemeente gebruikt de dorpsvisies van de dorp- en wijkteams als bouwstenen &#8230; <\/p>\n<div><a href=\"https:\/\/www.dorpenwijk.nl\/reeuwijk-dorp\/openbare-live-bijeenkomst-2021\/\" class=\"more-link\">Lees meer<\/a><\/div>\n","protected":false},"author":913,"featured_media":0,"parent":0,"menu_order":0,"comment_status":"closed","ping_status":"closed","template":"","meta":{"footnotes":""},"simple-restrict-permission":[],"class_list":["post-7483","page","type-page","status-publish","hentry","no-post-thumbnail"],"post_mailing_queue_ids":[],"_links":{"self":[{"href":"https:\/\/www.dorpenwijk.nl\/reeuwijk-dorp\/wp-json\/wp\/v2\/pages\/7483"}],"collection":[{"href":"https:\/\/www.dorpenwijk.nl\/reeuwijk-dorp\/wp-json\/wp\/v2\/pages"}],"about":[{"href":"https:\/\/www.dorpenwijk.nl\/reeuwijk-dorp\/wp-json\/wp\/v2\/types\/page"}],"author":[{"embeddable":true,"href":"https:\/\/www.dorpenwijk.nl\/reeuwijk-dorp\/wp-json\/wp\/v2\/users\/913"}],"replies":[{"embeddable":true,"href":"https:\/\/www.dorpenwijk.nl\/reeuwijk-dorp\/wp-json\/wp\/v2\/comments?post=7483"}],"version-history":[{"count":5,"href":"https:\/\/www.dorpenwijk.nl\/reeuwijk-dorp\/wp-json\/wp\/v2\/pages\/7483\/revisions"}],"predecessor-version":[{"id":7513,"href":"https:\/\/www.dorpenwijk.nl\/reeuwijk-dorp\/wp-json\/wp\/v2\/pages\/7483\/revisions\/7513"}],"wp:attachment":[{"href":"https:\/\/www.dorpenwijk.nl\/reeuwijk-dorp\/wp-json\/wp\/v2\/media?parent=7483"}],"wp:term":[{"taxonomy":"simple-restrict-permission","embeddable":true,"href":"https:\/\/www.dorpenwijk.nl\/reeuwijk-dorp\/wp-json\/wp\/v2\/simple-restrict-permission?post=7483"}],"curies":[{"name":"wp","href":"https:\/\/api.w.org\/{rel}","templated":true}]}}